{"id":1413,"date":"2021-05-01T13:49:45","date_gmt":"2021-05-01T11:49:45","guid":{"rendered":"http:\/\/artcentrum.org\/?page_id=1413"},"modified":"2021-05-01T13:50:58","modified_gmt":"2021-05-01T11:50:58","slug":"spotkanie-z-mistrzem-rzezby","status":"publish","type":"page","link":"http:\/\/artcentrum.org\/?page_id=1413","title":{"rendered":"Spotkanie z Mistrzem Rze\u017aby"},"content":{"rendered":"<p>Pani Anna Pado\u0142 by\u0142a najbardziej rozpoznawaln\u0105 rze\u017abiarka ludow\u0105 w Polsce i za granic\u0105. Dzi\u0119ki jej dzia\u0142alno\u015bci rze\u017aba paszy\u0144ska trafi\u0142a do najwi\u0119kszych muze\u00f3w i kolekcjoner\u00f3w na \u015bwiecie. Anna w swojej pracowni go\u015bci\u0142a wiele znakomitych go\u015bci z kraju i zza granicy. Na zdj\u0119ciu spotkanie z Mart\u0105 Mordarsk\u0105 Radna Sejmiku Wojew\u00f3dztwa Ma\u0142opolskiego.<\/p>\r\n<p>&nbsp;<\/p>\r\n\r\n<figure class=\"wp-block-image size-large\"><img width=\"1024\" height=\"768\" class=\"wp-image-1414\" src=\"http:\/\/artcentrum.org\/wp-content\/uploads\/2021\/05\/Padol--1024x768.jpg\" alt=\"\" srcset=\"http:\/\/artcentrum.org\/wp-content\/uploads\/2021\/05\/Padol--1024x768.jpg 1024w, http:\/\/artcentrum.org\/wp-content\/uploads\/2021\/05\/Padol--300x225.jpg 300w, http:\/\/artcentrum.org\/wp-content\/uploads\/2021\/05\/Padol--768x576.jpg 768w, http:\/\/artcentrum.org\/wp-content\/uploads\/2021\/05\/Padol--1536x1152.jpg 1536w, http:\/\/artcentrum.org\/wp-content\/uploads\/2021\/05\/Padol--2048x1536.jpg 2048w\" sizes=\"(max-width: 1024px) 100vw, 1024px\" \/><\/figure>\r\n","protected":false},"excerpt":{"rendered":"<p>Pani Anna Pado\u0142 by\u0142a najbardziej rozpoznawaln\u0105 rze\u017abiarka ludow\u0105 w Polsce i za granic\u0105. Dzi\u0119ki jej dzia\u0142alno\u015bci rze\u017aba paszy\u0144ska trafi\u0142a do najwi\u0119kszych muze\u00f3w i kolekcjoner\u00f3w na \u015bwiecie. Anna w swojej pracowni go\u015bci\u0142a wiele znakomitych go\u015bci z kraju i zza granicy. Na zdj\u0119ciu spotkanie z Mart\u0105 Mordarsk\u0105 Radna Sejmiku Wojew\u00f3dztwa Ma\u0142opolskiego. &nbsp;<\/p>\n","protected":false},"author":1,"featured_media":0,"parent":0,"menu_order":0,"comment_status":"closed","ping_status":"closed","template":"","meta":{"ngg_post_thumbnail":0},"_links":{"self":[{"href":"http:\/\/artcentrum.org\/index.php?rest_route=\/wp\/v2\/pages\/1413"}],"collection":[{"href":"http:\/\/artcentrum.org\/index.php?rest_route=\/wp\/v2\/pages"}],"about":[{"href":"http:\/\/artcentrum.org\/index.php?rest_route=\/wp\/v2\/types\/page"}],"author":[{"embeddable":true,"href":"http:\/\/artcentrum.org\/index.php?rest_route=\/wp\/v2\/users\/1"}],"replies":[{"embeddable":true,"href":"http:\/\/artcentrum.org\/index.php?rest_route=%2Fwp%2Fv2%2Fcomments&post=1413"}],"version-history":[{"count":4,"href":"http:\/\/artcentrum.org\/index.php?rest_route=\/wp\/v2\/pages\/1413\/revisions"}],"predecessor-version":[{"id":1419,"href":"http:\/\/artcentrum.org\/index.php?rest_route=\/wp\/v2\/pages\/1413\/revisions\/1419"}],"wp:attachment":[{"href":"http:\/\/artcentrum.org\/index.php?rest_route=%2Fwp%2Fv2%2Fmedia&parent=1413"}],"curies":[{"name":"wp","href":"https:\/\/api.w.org\/{rel}","templated":true}]}}

Spotkanie z Mistrzem Rzeźby

<p>Pani Anna Padoł była najbardziej rozpoznawalną rzeźbiarka ludową w Polsce i za granicą. Dzięki jej działalności rzeźba paszyńska trafiła do największych muzeów i kolekcjonerów na świecie. Anna w swojej pracowni gościła wiele znakomitych gości z kraju i zza granicy. Na zdjęciu spotkanie z Martą Mordarską Radna Sejmiku Województwa Małopolskiego.</p>
<p>&nbsp;</p>

<figure class="wp-block-image size-large"><img width="1024" height="768" class="wp-image-1414" src="http://artcentrum.org/wp-content/uploads/2021/05/Padol--1024x768.jpg" alt="" srcset="http://artcentrum.org/wp-content/uploads/2021/05/Padol--1024x768.jpg 1024w, http://artcentrum.org/wp-content/uploads/2021/05/Padol--300x225.jpg 300w, http://artcentrum.org/wp-content/uploads/2021/05/Padol--768x576.jpg 768w, http://artcentrum.org/wp-content/uploads/2021/05/Padol--1536x1152.jpg 1536w, http://artcentrum.org/wp-content/uploads/2021/05/Padol--2048x1536.jpg 2048w" sizes="(max-width: 1024px) 100vw, 1024px" /></figure>

<p>Pani Anna Padoł była najbardziej rozpoznawalną rzeźbiarka ludową w Polsce i za granicą. Dzięki jej działalności rzeźba paszyńska trafiła do największych muzeów i kolekcjonerów na świecie. Anna w swojej pracowni gościła wiele znakomitych gości z kraju i zza granicy. Na zdjęciu spotkanie z Martą Mordarską Radna Sejmiku Województwa Małopolskiego. &nbsp;</p>
