{"id":132,"date":"2021-01-19T20:19:36","date_gmt":"2021-01-19T19:19:36","guid":{"rendered":"http:\/\/artcentrum.org\/?page_id=132"},"modified":"2021-05-04T22:21:09","modified_gmt":"2021-05-04T20:21:09","slug":"mistrzowie-tworczosci-ludowej","status":"publish","type":"page","link":"http:\/\/artcentrum.org\/?page_id=132","title":{"rendered":"Mistrzowie Tw\u00f3rczo\u015bci Ludowej"},"content":{"rendered":"<h3 style=\"text-align: center;\"><strong>Mistrzowie tw\u00f3rczo\u015bci ludowej s\u0105 ambasadorami kultury ludowej S\u0105decczyzny.&nbsp; Tw\u00f3rcy Ludowi S\u0105decczyzny prezentuj\u0105 swoje dzie\u0142a na wystawach w kraju i zagranic\u0105, uczestnicz\u0105&nbsp; w wydarzeniach kulturalnych jako ambasadorzy regionu.<\/strong><\/h3>\n<p>&nbsp;<\/p>\n\n\n<div class=\"wp-block-file\"><a href=\"http:\/\/artcentrum.org\/wp-content\/uploads\/2021\/04\/material-promocyjny.pdf\">Mistrzowie Tw\u00f3rczo\u015bci Ludowej<\/a><a href=\"http:\/\/artcentrum.org\/wp-content\/uploads\/2021\/04\/material-promocyjny.pdf\" class=\"wp-block-file__button\" download>Pobierz<\/a><\/div>\n","protected":false},"excerpt":{"rendered":"<p>Mistrzowie tw\u00f3rczo\u015bci ludowej s\u0105 ambasadorami kultury ludowej S\u0105decczyzny.&nbsp; Tw\u00f3rcy Ludowi S\u0105decczyzny prezentuj\u0105 swoje dzie\u0142a na wystawach w kraju i zagranic\u0105, uczestnicz\u0105&nbsp; w wydarzeniach kulturalnych jako ambasadorzy regionu. &nbsp;<\/p>\n","protected":false},"author":1,"featured_media":965,"parent":0,"menu_order":0,"comment_status":"closed","ping_status":"closed","template":"","meta":{"ngg_post_thumbnail":0},"_links":{"self":[{"href":"http:\/\/artcentrum.org\/index.php?rest_route=\/wp\/v2\/pages\/132"}],"collection":[{"href":"http:\/\/artcentrum.org\/index.php?rest_route=\/wp\/v2\/pages"}],"about":[{"href":"http:\/\/artcentrum.org\/index.php?rest_route=\/wp\/v2\/types\/page"}],"author":[{"embeddable":true,"href":"http:\/\/artcentrum.org\/index.php?rest_route=\/wp\/v2\/users\/1"}],"replies":[{"embeddable":true,"href":"http:\/\/artcentrum.org\/index.php?rest_route=%2Fwp%2Fv2%2Fcomments&post=132"}],"version-history":[{"count":10,"href":"http:\/\/artcentrum.org\/index.php?rest_route=\/wp\/v2\/pages\/132\/revisions"}],"predecessor-version":[{"id":1546,"href":"http:\/\/artcentrum.org\/index.php?rest_route=\/wp\/v2\/pages\/132\/revisions\/1546"}],"wp:featuredmedia":[{"embeddable":true,"href":"http:\/\/artcentrum.org\/index.php?rest_route=\/wp\/v2\/media\/965"}],"wp:attachment":[{"href":"http:\/\/artcentrum.org\/index.php?rest_route=%2Fwp%2Fv2%2Fmedia&parent=132"}],"curies":[{"name":"wp","href":"https:\/\/api.w.org\/{rel}","templated":true}]}}

Mistrzowie Twórczości Ludowej

<h3 style="text-align: center;"><strong>Mistrzowie twórczości ludowej są ambasadorami kultury ludowej Sądecczyzny.&nbsp; Twórcy Ludowi Sądecczyzny prezentują swoje dzieła na wystawach w kraju i zagranicą, uczestniczą&nbsp; w wydarzeniach kulturalnych jako ambasadorzy regionu.</strong></h3>
<p>&nbsp;</p>


<div class="wp-block-file"><a href="http://artcentrum.org/wp-content/uploads/2021/04/material-promocyjny.pdf">Mistrzowie Twórczości Ludowej</a><a href="http://artcentrum.org/wp-content/uploads/2021/04/material-promocyjny.pdf" class="wp-block-file__button" download>Pobierz</a></div>

<p>Mistrzowie twórczości ludowej są ambasadorami kultury ludowej Sądecczyzny.&nbsp; Twórcy Ludowi Sądecczyzny prezentują swoje dzieła na wystawach w kraju i zagranicą, uczestniczą&nbsp; w wydarzeniach kulturalnych jako ambasadorzy regionu. &nbsp;</p>
